in base 7?
-20446
3201 (base 4) to base 12
169
Convert 1234a (base 13) to base 6.
415112
441111 (base 5) to base 11
10429
15 (base 15) to base 9
22
What is -50337 (base 11) in base 9?
-121866
Convert -871 (base 10) to base 5.
-11441
9a7 (base 15) to base 9
2884
-1204 (base 12) to base 11
-1577
What is 30224 (base 5) in base 2?
11110010011
What is -6693 (base 10) in base 5?
-203233
What is d3c9 (base 14) in base 5?
2131222
What is -411 (base 14) in base 2?
-1100011111
Convert -46b (base 13) to base 10.
-765
Convert -c3cc (base 15) to base 8.
-120627
What is 1548 (base 14) in base 16?
ecc
Convert -6103 (base 7) to base 11.
-1649
Convert -221312 (base 4) to base 14.
-d94
7368 (base 11) to base 4
2120122
Convert -10143 (base 7) to base 9.
-3356
-37558 (base 11) to base 12
-27244
-4511 (base 9) to base 11
-2559
What is 1a7 (base 11) in base 13?
154
-9782 (base 13) to base 8
-51106
72674 (base 9) to base 14
13682
Convert -21b2 (base 12) to base 9.
-5108
-2a3 (base 15) to base 16
-25b
Convert -25 (base 10) to base 15.
-1a
Convert 1056 (base 8) to base 11.
468
What is 19 (base 10) in base 9?
21
What is 10a9 (base 13) in base 14?
bcc
Convert -168c (base 14) to base 7.
-14535
What is -109f (base 16) in base 7?
-15256
What is -468 (base 10) in base 11?
-396
What is 100506 (base 9) in base 5?
3400320
What is 135 (base 13) in base 12?
159
25053 (base 8) to base 12
62b7
-100110101010 (base 2) to base 4
-212222
8a (base 12) to base 7
211
15db (base 15) to base 4
1021202
Convert -3a30 (base 11) to base 5.
-131421
3112 (base 6) to base 10
692
Convert 210121120 (base 3) to base 16.
3d8c
Convert -14313 (base 5) to base 8.
-2270
What is -1011001010011 (base 2) in base 5?
-140330
What is -234 (base 11) in base 16?
-117
Convert 1646 (base 7) to base 10.
671
What is 111101110001 (base 2) in base 7?
14345
13042 (base 6) to base 14
a0a
What is -45ee (base 16) in base 8?
-42756
620 (base 11) to base 16
2ec
Convert -12bc (base 14) to base 6.
-23142
What is -111021221 (base 3) in base 12?
-5737
Convert 680 (base 12) to base 3.
1022120
Convert 545 (base 16) to base 15.
5ee
What is 324 (base 9) in base 7?
526
What is -4526 (base 12) in base 6?
-55250
Convert 1717 (base 13) to base 15.
101a
-1111000000111010 (base 2) to base 4
-33000322
Convert -178 (base 16) to base 4.
-11320
Convert 20e (base 15) to base 4.
13100
Convert 240 (base 12) to base 3.
110110
Convert b251 (base 14) to base 15.
9132
Convert -10683 (base 9) to base 16.
-1bd2
What is c95 (base 13) in base 6?
13542
-2b78 (base 12) to base 2
-1010000001100
Convert a21 (base 12) to base 5.
21330
Convert -100101 (base 3) to base 13.
-166
769a (base 16) to base 6
352322
-134167 (base 8) to base 6
-1002343
What is -13121033 (base 4) in base 7?
-154205
What is -221322 (base 4) in base 7?
-10551
Convert 33126 (base 7) to base 8.
20155
Convert -2221021 (base 4) to base 2.
-10101001001001
-1210112 (base 3) to base 7
-3551
Convert -454 (base 9) to base 15.
-19d
-4386 (base 14) to base 13
-5418
Convert -1959 (base 14) to base 3.
-20021220
What is 19303 (base 10) in base 13?
8a2b
What is 2221 (base 6) in base 9?
634
What is -a42 (base 14) in base 13?
-bc3
-10011110011 (base 2) to base 15
-597
-31101322 (base 4) to base 9
-82547
-3032 (base 5) to base 9
-475
271 (base 11) to base 13
1b8
-1332 (base 8) to base 12
-50a
-34 (base 7) to base 12
-21
-635 (base 13) to base 3
-1110012
110100111100001 (base 2) to base 9
41156
What is 4b1 (base 16) in base 7?
3334
Convert -7a15 (base 15) to base 3.
-1022112002
Convert -10544 (base 6) to base 13.
-8b9
Convert 33465 (base 8) to base 14.
5217
Convert -327 (base 14) to base 2.
-1001101111
What is -100110111100 (base 2) in base 14?
-ca0
Convert 1001101011111 (base 2) to base 10.
4959
7af (base 16) to base 12
117b
Convert 3302 (base 6) to base 2.
1011110110
-3333 (base 4) to base 7
-513
What is -14805 (base 15) in base 4?
-100012022
Convert -21 (base 14) to base 7.
-41
Convert 11032121 (base 4) to base 11.
15096
11db (base 15) to base 13
196a
Convert 10778 (base 12) to base 11.
15451
Convert -411305 (base 6) to base 11.
-22654
What is -1010542 (base 6) in base 13?
-18bc6
What is -1011000000001 (base 2) in base 8?
-13001
What is 2531 (base 16) in base 14?
3681
Convert -110100100011101 (base 2) to base 5.
-1330114
What is -841 (base 9) in base 14?
-36d
8da (base 14) to base 16
6e0
What is -2104430 (base 5) in base 7?
-204004
What is -42 (base 8) in base 11?
-31
5805 (base 11) to base 16
1dcc
4041 (base 6) to base 13
535
16452 (base 9) to base 2
10110000101010
What is 718d (base 14) in base 12?
b375
What is -538 (base 10) in base 7?
-1366
Convert -61aa (base 11) to base 8.
-20043
What is -6020 (base 7) in base 5?
-31242
-534 (base 10) to base 3
-201210
What is -101111101010110 (base 2) in base 8?
-57526
What is 62544 (base 8) in base 6?
320100
-1372 (base 11) to base 6
-12113
80a8 (base 16) to base 9
50155
5d (base 16) to base 13
72
-2332 (base 4) to base 11
-163
What is 11000 (base 5) in base 8?
1356
What is 2553 (base 12) in base 14?
178b
Convert 21220211 (base 3) to base 10.
5773
Convert 302 (base 16) to base 4.
30002
Convert 1212100 (base 3) to base 10.
1359
-975b (base 14) to base 11
-18712
-3201030 (base 4) to base 12
-8410
Convert 122012201 (base 3) to base 8.
30403
What is -a24 (base 12) in base 8?
-2674
Convert 110020212 (base 3) to base 9.
13225
What is 135152 (base 6) in base 7?
52232
Convert -42450 (base 6) to base 5.
-141130
Convert 11222 (base 3) to base 6.
342
What is -32044 (base 6) in base 7?
-15451
What is 242 (base 16) in base 4?
21002
What is -101102 (base 4) in base 11?
-916
What is 1011100100 (base 2) in base 12?
518
-321124 (base 6) to base 3
-1022220221
Convert 39c (base 13) to base 7.
1566
What is 6a34 (base 14) in base 7?
104564
Convert -10347 (base 8) to base 11.
-3284
33 (base 4) to base 6
23
What is -2030 (base 6) in base 11?
-37a
-3a (base 11) to base 14
-31
What is 11111010001110 (base 2) in base 10?
16014
What is 1660 (base 7) in base 12?
487
736 (base 12) to base 13
62a
Convert -32143 (base 5) to base 7.
-6223
What is b696 (base 14) in base 8?
75404
What is 13131 (base 4) in base 16?
1dd
What is -b22 (base 13) in base 2?
-11101011111
Convert 1734 (base 15) to base 7.
20401
What is 310 (base 10) in base 9?
374
Convert -7872 (base 15) to base 9.
-38018
2120002000 (base 3) to base 11
34918
240320 (base 6) to base 14
785a
Convert -36a8 (base 11) to base 13.
-2281
What is 3133430 (base 5) in base 10?
52365
What is 14714 (base 8) in base 12?
39a4
30342 (base 5) to base 8
3664
What is 1b4 (base 14) in base 13?
213
What is 155424 (base 6) in base 14?
590c
1341 (base 6) to base 12
251
721 (base 8) to base 4
13101
What is -1001120 (base 3) in base 16?
-303
11121 (base 3) to base 6
324
Convert -2790 (base 10) to base 2.
-101011100110
15971 (base 10) to base 8
37143
-119b2 (base 15) to base 5
-3244232
Convert -110111011000100 (base 2) to base 12.
-144b0
Convert -2050 (base 8) to base 3.
-1110102
Convert -4454 (base 7) to base 8.
-3107
1bd4 (base 15) to base 13
29a4
Convert 222000 (base 3) to base 2.
1010111110
130132 (base 7) to base 15
7207
Convert 1566 (base 7) to base 15.
2c6
What is -31218 (base 9) in base 10?
-20591
What is -10120 (base 3) in base 14?
-6c
Convert -30100 (base 5) to base 3.
-2121101
Convert -4002 (base 6) to base 14.
-45c
What is -220302 (base 6) in base 2?
-100011101001110
What is -111 (base 16) in base 3?
-101010
-152d (base 14) to base 6
-25233
What is -d6 (base 14) in base 2?
-10111100
3431433 (base 5) to base 15
13348
Convert -152 (base 15) to base 2.
-100101110
-328 (base 13) to base 15
-261
What is -2234 (base 9) in base 14?
-85d
Convert 239c (base 16) to base 12.
5338
What is -11111000111011 (base 2) in base 14?
-5b3d
Convert 1011110010100 (base 2) to base 14.
22b2
11123 (base 5) to base 14
404
-11011010010001 (base 2) to base 11
-a54a
515 (base 6) to base 13
119
-21080 (base 12) to base 14
-11ac8
675a (base 12) to base 5
331241
-511 (base 11) to base 5
-4432
Convert 21203 (base 5) to base 3.
1221220
Convert -344243 (base 5) to base 7.
-51202
-12154 (base 7) to base 6
-22411
What is 431340 (base 5) in base 15?
44d0
-26564 (base 8) to base 15
-36ab
What is 11b (base 15) in base 4?
3323
Convert -7047 (base 11) to base 5.
-244433
What is 4565 (b